{"id":116,"date":"2011-09-14T19:18:16","date_gmt":"2011-09-14T17:18:16","guid":{"rendered":"http:\/\/www.r9.cz\/?page_id=116"},"modified":"2017-11-10T19:52:31","modified_gmt":"2017-11-10T18:52:31","slug":"irenka","status":"publish","type":"page","link":"https:\/\/www.r9.cz\/?page_id=116","title":{"rendered":"Irena Rauchmanov\u00e1"},"content":{"rendered":"<p><strong><a href=\"http:\/\/www.r9.cz\/wp-content\/uploads\/ja1.jpg\"><img loading=\"lazy\" decoding=\"async\" class=\"alignleft size-full wp-image-834\" title=\"KONICA MINOLTA DIGITAL CAMERA\" src=\"http:\/\/www.r9.cz\/wp-content\/uploads\/ja1.jpg\" alt=\"\" width=\"230\" height=\"308\" srcset=\"https:\/\/www.r9.cz\/wp-content\/uploads\/ja1.jpg 230w, https:\/\/www.r9.cz\/wp-content\/uploads\/ja1-224x300.jpg 224w\" sizes=\"(max-width: 230px) 100vw, 230px\" \/><\/a><\/strong><\/p>\n<p>&nbsp;<\/p>\n<p>&nbsp;<\/p>\n<p>&nbsp;<\/p>\n<p>&nbsp;<\/p>\n<p>&nbsp;<\/p>\n<p>&nbsp;<\/p>\n<p>&nbsp;<\/p>\n<p>&nbsp;<\/p>\n<p><strong>Bydli\u0161t\u011b:&nbsp;<\/strong>Bison city&nbsp;<br \/>\n<strong>Obl\u00edben\u00fd n\u00e1m\u011bt:<\/strong>&nbsp;krajina, lid\u00e9, krajinn\u00fd detail, ml\u00fdny<\/p>\nngg_shortcode_0_placeholder\n","protected":false},"excerpt":{"rendered":"<p>&nbsp; &nbsp; &nbsp; &nbsp; &nbsp; &nbsp; &nbsp; &nbsp; Bydli\u0161t\u011b:&nbsp;Bison city&nbsp; Obl\u00edben\u00fd n\u00e1m\u011bt:&nbsp;krajina, lid\u00e9, krajinn\u00fd detail, ml\u00fdny<\/p>\n","protected":false},"author":6,"featured_media":1886,"parent":17,"menu_order":0,"comment_status":"closed","ping_status":"open","template":"","meta":{"ngg_post_thumbnail":0,"footnotes":""},"_links":{"self":[{"href":"https:\/\/www.r9.cz\/index.php?rest_route=\/wp\/v2\/pages\/116"}],"collection":[{"href":"https:\/\/www.r9.cz\/index.php?rest_route=\/wp\/v2\/pages"}],"about":[{"href":"https:\/\/www.r9.cz\/index.php?rest_route=\/wp\/v2\/types\/page"}],"author":[{"embeddable":true,"href":"https:\/\/www.r9.cz\/index.php?rest_route=\/wp\/v2\/users\/6"}],"replies":[{"embeddable":true,"href":"https:\/\/www.r9.cz\/index.php?rest_route=%2Fwp%2Fv2%2Fcomments&post=116"}],"version-history":[{"count":20,"href":"https:\/\/www.r9.cz\/index.php?rest_route=\/wp\/v2\/pages\/116\/revisions"}],"predecessor-version":[{"id":3085,"href":"https:\/\/www.r9.cz\/index.php?rest_route=\/wp\/v2\/pages\/116\/revisions\/3085"}],"up":[{"embeddable":true,"href":"https:\/\/www.r9.cz\/index.php?rest_route=\/wp\/v2\/pages\/17"}],"wp:featuredmedia":[{"embeddable":true,"href":"https:\/\/www.r9.cz\/index.php?rest_route=\/wp\/v2\/media\/1886"}],"wp:attachment":[{"href":"https:\/\/www.r9.cz\/index.php?rest_route=%2Fwp%2Fv2%2Fmedia&parent=116"}],"curies":[{"name":"wp","href":"https:\/\/api.w.org\/{rel}","templated":true}]}}