{"id":167,"date":"2011-09-15T14:05:11","date_gmt":"2011-09-15T12:05:11","guid":{"rendered":"http:\/\/www.r9.cz\/?page_id=167"},"modified":"2014-12-10T09:52:37","modified_gmt":"2014-12-10T08:52:37","slug":"jana-konirova","status":"publish","type":"page","link":"https:\/\/www.r9.cz\/?page_id=167","title":{"rendered":"Jana Kon\u00ed\u0159ov\u00e1"},"content":{"rendered":"<p><a href=\"http:\/\/www.r9.cz\/wp-content\/uploads\/IMG_2721-1f-2.jpg\"><img loading=\"lazy\" decoding=\"async\" class=\"aligncenter size-medium wp-image-1843\" title=\"IMG_2721-1f (2)\" src=\"http:\/\/www.r9.cz\/wp-content\/uploads\/IMG_2721-1f-2-300x211.jpg\" alt=\"\" width=\"300\" height=\"211\" srcset=\"https:\/\/www.r9.cz\/wp-content\/uploads\/IMG_2721-1f-2-300x211.jpg 300w, https:\/\/www.r9.cz\/wp-content\/uploads\/IMG_2721-1f-2-425x300.jpg 425w, https:\/\/www.r9.cz\/wp-content\/uploads\/IMG_2721-1f-2.jpg 768w\" sizes=\"(max-width: 300px) 100vw, 300px\" \/><\/a><\/p>\n<p><strong>V\u011bk: <\/strong>to sa ne\u0159\u00edk\u00e1<strong><br \/>\nBydli\u0161t\u011b:<\/strong>\u00a0<small>Hutisko-Solanec<br \/>\n<strong><\/strong><\/small><strong>Obl\u00edben\u00fd n\u00e1m\u011bt:<\/strong><small> portr\u00e9t, momentky, krajina, p\u0159\u00edroda, folkl\u00f3r&#8230;<br \/>\n<strong>Osobn\u00ed w\u00e9w\u00e9w\u00e9: <a href=\" https:\/\/plus.google.com\/photos\/117010064339193979356\/albums?banner=pwahttp:\/\/\">ZDE<\/a><\/strong><\/small><\/p>\n","protected":false},"excerpt":{"rendered":"<p>V\u011bk: to sa ne\u0159\u00edk\u00e1 Bydli\u0161t\u011b:\u00a0Hutisko-Solanec Obl\u00edben\u00fd n\u00e1m\u011bt: portr\u00e9t, momentky, krajina, p\u0159\u00edroda, folkl\u00f3r&#8230; Osobn\u00ed w\u00e9w\u00e9w\u00e9: ZDE<\/p>\n","protected":false},"author":11,"featured_media":0,"parent":17,"menu_order":0,"comment_status":"closed","ping_status":"open","template":"","meta":{"ngg_post_thumbnail":0,"footnotes":""},"_links":{"self":[{"href":"https:\/\/www.r9.cz\/index.php?rest_route=\/wp\/v2\/pages\/167"}],"collection":[{"href":"https:\/\/www.r9.cz\/index.php?rest_route=\/wp\/v2\/pages"}],"about":[{"href":"https:\/\/www.r9.cz\/index.php?rest_route=\/wp\/v2\/types\/page"}],"author":[{"embeddable":true,"href":"https:\/\/www.r9.cz\/index.php?rest_route=\/wp\/v2\/users\/11"}],"replies":[{"embeddable":true,"href":"https:\/\/www.r9.cz\/index.php?rest_route=%2Fwp%2Fv2%2Fcomments&post=167"}],"version-history":[{"count":12,"href":"https:\/\/www.r9.cz\/index.php?rest_route=\/wp\/v2\/pages\/167\/revisions"}],"predecessor-version":[{"id":1727,"href":"https:\/\/www.r9.cz\/index.php?rest_route=\/wp\/v2\/pages\/167\/revisions\/1727"}],"up":[{"embeddable":true,"href":"https:\/\/www.r9.cz\/index.php?rest_route=\/wp\/v2\/pages\/17"}],"wp:attachment":[{"href":"https:\/\/www.r9.cz\/index.php?rest_route=%2Fwp%2Fv2%2Fmedia&parent=167"}],"curies":[{"name":"wp","href":"https:\/\/api.w.org\/{rel}","templated":true}]}}

Jana Konířová

<p><a href="http://www.r9.cz/wp-content/uploads/IMG_2721-1f-2.jpg"><img loading="lazy" decoding="async" class="aligncenter size-medium wp-image-1843" title="IMG_2721-1f (2)" src="http://www.r9.cz/wp-content/uploads/IMG_2721-1f-2-300x211.jpg" alt="" width="300" height="211" srcset="https://www.r9.cz/wp-content/uploads/IMG_2721-1f-2-300x211.jpg 300w, https://www.r9.cz/wp-content/uploads/IMG_2721-1f-2-425x300.jpg 425w, https://www.r9.cz/wp-content/uploads/IMG_2721-1f-2.jpg 768w" sizes="(max-width: 300px) 100vw, 300px" /></a></p>
<p><strong>Věk: </strong>to sa neříká<strong><br />
Bydliště:</strong> <small>Hutisko-Solanec<br />
<strong></strong></small><strong>Oblíbený námět:</strong><small> portrét, momentky, krajina, příroda, folklór&#8230;<br />
<strong>Osobní wéwéwé: <a href=" https://plus.google.com/photos/117010064339193979356/albums?banner=pwahttp://">ZDE</a></strong></small></p>

<p>Věk: to sa neříká Bydliště: Hutisko-Solanec Oblíbený námět: portrét, momentky, krajina, příroda, folklór&#8230; Osobní wéwéwé: ZDE</p>
