{"id":1846,"date":"2013-04-23T21:52:57","date_gmt":"2013-04-23T20:52:57","guid":{"rendered":"http:\/\/www.r9.cz\/?page_id=1846"},"modified":"2013-05-21T09:18:11","modified_gmt":"2013-05-21T08:18:11","slug":"martina-jirsakova","status":"publish","type":"page","link":"https:\/\/www.r9.cz\/?page_id=1846","title":{"rendered":"Martina Jirs\u00e1kov\u00e1"},"content":{"rendered":"<p><strong>Bydli\u0161t\u011b:<\/strong>\u00a0Ro\u017enov pod Radho\u0161t\u011bm<br \/>\n<strong>Obl\u00edben\u00fd n\u00e1m\u011bt:<\/strong>\u00a0z\u00e1ti\u0161\u00ed, komer\u010dn\u00ed fotografie<\/p>\n<p><a href=\"http:\/\/www.r9.cz\/wp-content\/uploads\/marta.jpg\"><img loading=\"lazy\" decoding=\"async\" class=\"size-full wp-image-1850 alignnone\" title=\"marta\" src=\"http:\/\/www.r9.cz\/wp-content\/uploads\/marta.jpg\" alt=\"\" width=\"200\" height=\"301\" srcset=\"https:\/\/www.r9.cz\/wp-content\/uploads\/marta.jpg 200w, https:\/\/www.r9.cz\/wp-content\/uploads\/marta-199x300.jpg 199w\" sizes=\"(max-width: 200px) 100vw, 200px\" \/><\/a><\/p>\nngg_shortcode_0_placeholder\n","protected":false},"excerpt":{"rendered":"<p>Bydli\u0161t\u011b:\u00a0Ro\u017enov pod Radho\u0161t\u011bm Obl\u00edben\u00fd n\u00e1m\u011bt:\u00a0z\u00e1ti\u0161\u00ed, komer\u010dn\u00ed fotografie<\/p>\n","protected":false},"author":4,"featured_media":1849,"parent":17,"menu_order":0,"comment_status":"open","ping_status":"open","template":"","meta":{"ngg_post_thumbnail":0,"footnotes":""},"_links":{"self":[{"href":"https:\/\/www.r9.cz\/index.php?rest_route=\/wp\/v2\/pages\/1846"}],"collection":[{"href":"https:\/\/www.r9.cz\/index.php?rest_route=\/wp\/v2\/pages"}],"about":[{"href":"https:\/\/www.r9.cz\/index.php?rest_route=\/wp\/v2\/types\/page"}],"author":[{"embeddable":true,"href":"https:\/\/www.r9.cz\/index.php?rest_route=\/wp\/v2\/users\/4"}],"replies":[{"embeddable":true,"href":"https:\/\/www.r9.cz\/index.php?rest_route=%2Fwp%2Fv2%2Fcomments&post=1846"}],"version-history":[{"count":4,"href":"https:\/\/www.r9.cz\/index.php?rest_route=\/wp\/v2\/pages\/1846\/revisions"}],"predecessor-version":[{"id":3031,"href":"https:\/\/www.r9.cz\/index.php?rest_route=\/wp\/v2\/pages\/1846\/revisions\/3031"}],"up":[{"embeddable":true,"href":"https:\/\/www.r9.cz\/index.php?rest_route=\/wp\/v2\/pages\/17"}],"wp:featuredmedia":[{"embeddable":true,"href":"https:\/\/www.r9.cz\/index.php?rest_route=\/wp\/v2\/media\/1849"}],"wp:attachment":[{"href":"https:\/\/www.r9.cz\/index.php?rest_route=%2Fwp%2Fv2%2Fmedia&parent=1846"}],"curies":[{"name":"wp","href":"https:\/\/api.w.org\/{rel}","templated":true}]}}