{"id":185,"date":"2011-09-15T19:10:36","date_gmt":"2011-09-15T17:10:36","guid":{"rendered":"http:\/\/www.r9.cz\/?page_id=185"},"modified":"2011-11-08T10:11:23","modified_gmt":"2011-11-08T09:11:23","slug":"veronika-micolova","status":"publish","type":"page","link":"https:\/\/www.r9.cz\/?page_id=185","title":{"rendered":"Veronika Mi\u010dolov\u00e1"},"content":{"rendered":"<p><strong><small><strong>V\u011bk:<\/strong>\u00a0<\/small><br \/>\nBydli\u0161t\u011b:<\/strong>\u00a0<small>Zub\u0159\u00ed<br \/>\n<strong><\/strong><\/small><strong>Obl\u00edben\u00fd n\u00e1m\u011bt:<\/strong><small><br \/>\n<strong>Osobn\u00ed w\u00e9w\u00e9w\u00e9:<\/strong>\u00a0<\/small><\/p>\n","protected":false},"excerpt":{"rendered":"<p>V\u011bk:\u00a0 Bydli\u0161t\u011b:\u00a0Zub\u0159\u00ed Obl\u00edben\u00fd n\u00e1m\u011bt: Osobn\u00ed w\u00e9w\u00e9w\u00e9:\u00a0<\/p>\n","protected":false},"author":9,"featured_media":0,"parent":17,"menu_order":0,"comment_status":"closed","ping_status":"open","template":"","meta":{"ngg_post_thumbnail":0,"footnotes":""},"_links":{"self":[{"href":"https:\/\/www.r9.cz\/index.php?rest_route=\/wp\/v2\/pages\/185"}],"collection":[{"href":"https:\/\/www.r9.cz\/index.php?rest_route=\/wp\/v2\/pages"}],"about":[{"href":"https:\/\/www.r9.cz\/index.php?rest_route=\/wp\/v2\/types\/page"}],"author":[{"embeddable":true,"href":"https:\/\/www.r9.cz\/index.php?rest_route=\/wp\/v2\/users\/9"}],"replies":[{"embeddable":true,"href":"https:\/\/www.r9.cz\/index.php?rest_route=%2Fwp%2Fv2%2Fcomments&post=185"}],"version-history":[{"count":4,"href":"https:\/\/www.r9.cz\/index.php?rest_route=\/wp\/v2\/pages\/185\/revisions"}],"predecessor-version":[{"id":555,"href":"https:\/\/www.r9.cz\/index.php?rest_route=\/wp\/v2\/pages\/185\/revisions\/555"}],"up":[{"embeddable":true,"href":"https:\/\/www.r9.cz\/index.php?rest_route=\/wp\/v2\/pages\/17"}],"wp:attachment":[{"href":"https:\/\/www.r9.cz\/index.php?rest_route=%2Fwp%2Fv2%2Fmedia&parent=185"}],"curies":[{"name":"wp","href":"https:\/\/api.w.org\/{rel}","templated":true}]}}