{"id":187,"date":"2011-09-15T19:10:58","date_gmt":"2011-09-15T17:10:58","guid":{"rendered":"http:\/\/www.r9.cz\/?page_id=187"},"modified":"2012-11-24T21:00:59","modified_gmt":"2012-11-24T20:00:59","slug":"pavel-bilek","status":"publish","type":"page","link":"https:\/\/www.r9.cz\/?page_id=187","title":{"rendered":"Pavel B\u00edlek"},"content":{"rendered":"<p><small><strong>V\u011bk:<\/strong>\u00a0m\u00e1m<\/small><br \/>\n<strong>Bydli\u0161t\u011b<\/strong>:\u00a0<small>Ro\u017enov pod Radho\u0161t\u011bm<br \/>\n<\/small><strong>Obl\u00edben\u00fd n\u00e1m\u011bt<\/strong>: stromy, star\u00e9 domy a odlo\u017een\u00e9 v\u011bci, k\u0159\u00ed\u017ee, k\u00e1men, d\u0159evo, kon\u011b, m\u00ed lid\u00e9 a pes Nero&#8230;.a pivo proti sv\u011btlu<small><br \/>\n<strong>Blog<\/strong>:\u00a0<a href=\"http:\/\/bilekpavel.blog.cz\/\">http:\/\/bilekpavel.blog.cz\/<\/a><\/small><\/p>\nngg_shortcode_0_placeholder\n<p>&nbsp;<\/p>\n<p>&nbsp;<\/p>\n<p>&nbsp;<\/p>\n<p>&nbsp;<\/p>\n","protected":false},"excerpt":{"rendered":"<p>V\u011bk:\u00a0m\u00e1m Bydli\u0161t\u011b:\u00a0Ro\u017enov pod Radho\u0161t\u011bm Obl\u00edben\u00fd n\u00e1m\u011bt: stromy, star\u00e9 domy a odlo\u017een\u00e9 v\u011bci, k\u0159\u00ed\u017ee, k\u00e1men, d\u0159evo, kon\u011b, m\u00ed lid\u00e9 a pes Nero&#8230;.a pivo proti sv\u011btlu Blog:\u00a0http:\/\/bilekpavel.blog.cz\/ &nbsp; &nbsp; &nbsp; &nbsp;<\/p>\n","protected":false},"author":8,"featured_media":0,"parent":17,"menu_order":0,"comment_status":"closed","ping_status":"open","template":"","meta":{"ngg_post_thumbnail":0,"footnotes":""},"_links":{"self":[{"href":"https:\/\/www.r9.cz\/index.php?rest_route=\/wp\/v2\/pages\/187"}],"collection":[{"href":"https:\/\/www.r9.cz\/index.php?rest_route=\/wp\/v2\/pages"}],"about":[{"href":"https:\/\/www.r9.cz\/index.php?rest_route=\/wp\/v2\/types\/page"}],"author":[{"embeddable":true,"href":"https:\/\/www.r9.cz\/index.php?rest_route=\/wp\/v2\/users\/8"}],"replies":[{"embeddable":true,"href":"https:\/\/www.r9.cz\/index.php?rest_route=%2Fwp%2Fv2%2Fcomments&post=187"}],"version-history":[{"count":34,"href":"https:\/\/www.r9.cz\/index.php?rest_route=\/wp\/v2\/pages\/187\/revisions"}],"predecessor-version":[{"id":771,"href":"https:\/\/www.r9.cz\/index.php?rest_route=\/wp\/v2\/pages\/187\/revisions\/771"}],"up":[{"embeddable":true,"href":"https:\/\/www.r9.cz\/index.php?rest_route=\/wp\/v2\/pages\/17"}],"wp:attachment":[{"href":"https:\/\/www.r9.cz\/index.php?rest_route=%2Fwp%2Fv2%2Fmedia&parent=187"}],"curies":[{"name":"wp","href":"https:\/\/api.w.org\/{rel}","templated":true}]}}