{"id":83,"date":"2011-09-13T15:08:43","date_gmt":"2011-09-13T13:08:43","guid":{"rendered":"http:\/\/www.r9.cz\/?page_id=83"},"modified":"2011-10-26T20:49:48","modified_gmt":"2011-10-26T18:49:48","slug":"kontakt","status":"publish","type":"page","link":"https:\/\/www.r9.cz\/?page_id=83","title":{"rendered":"Kontakt"},"content":{"rendered":"<p>FOTOKLUB R9<br \/>\nS\u00eddlo: <small>Ro\u017enov a p\u0159ilehl\u00e9 oblasti<\/small><br \/>\nE-mail: R9@R9.cz<br \/>\nW\u00e9W\u00e9W\u00e9: <small>stoj\u00edte na nich !!!<\/small><\/p>\n","protected":false},"excerpt":{"rendered":"<p>FOTOKLUB R9 S\u00eddlo: Ro\u017enov a p\u0159ilehl\u00e9 oblasti E-mail: R9@R9.cz W\u00e9W\u00e9W\u00e9: stoj\u00edte na nich !!!<\/p>\n","protected":false},"author":1,"featured_media":0,"parent":0,"menu_order":5,"comment_status":"closed","ping_status":"open","template":"","meta":{"ngg_post_thumbnail":0,"footnotes":""},"_links":{"self":[{"href":"https:\/\/www.r9.cz\/index.php?rest_route=\/wp\/v2\/pages\/83"}],"collection":[{"href":"https:\/\/www.r9.cz\/index.php?rest_route=\/wp\/v2\/pages"}],"about":[{"href":"https:\/\/www.r9.cz\/index.php?rest_route=\/wp\/v2\/types\/page"}],"author":[{"embeddable":true,"href":"https:\/\/www.r9.cz\/index.php?rest_route=\/wp\/v2\/users\/1"}],"replies":[{"embeddable":true,"href":"https:\/\/www.r9.cz\/index.php?rest_route=%2Fwp%2Fv2%2Fcomments&post=83"}],"version-history":[{"count":6,"href":"https:\/\/www.r9.cz\/index.php?rest_route=\/wp\/v2\/pages\/83\/revisions"}],"predecessor-version":[{"id":224,"href":"https:\/\/www.r9.cz\/index.php?rest_route=\/wp\/v2\/pages\/83\/revisions\/224"}],"wp:attachment":[{"href":"https:\/\/www.r9.cz\/index.php?rest_route=%2Fwp%2Fv2%2Fmedia&parent=83"}],"curies":[{"name":"wp","href":"https:\/\/api.w.org\/{rel}","templated":true}]}}